6)/9)/(50/525). Let o(v) = v**3 + 6*v**2 - 7*v. Calculate o(z).
0
Let l = 1 - 1. Let a(v) = 5 + 5021*v + 5020*v - v**3 + v**2 - 10042*v + 0*v**2. Calculate a(l).
5
Let y(s) = s**3 + 11*s**2 - 26*s - 2. Suppose 4*m - 3*m + 3 = -2*u, -20 = -4*u. What is y(m)?
-2
Let i(k) = 2*k**2 + 4*k**2 - k**3 + 8*k**2 + 2*k**3 + 6 + 0*k**2 + 6*k. What is i(-14)?
-78
Let c(x) = -x**2 - 6. Let l be 36/9*1/(-4). Let g(v) = -16*v. Let z be g(l). Let p = -16 + z. Give c(p).
-6
Suppose 20*v - 31*v = 22. Let g(l) = 7*l**3 + 7*l**2 - 2*l + 1. Let y(k) = -8*k**3 - 8*k**2 + 2*k - 1. Let p(a) = 7*g(a) + 6*y(a). Give p(v).
1
Let o(d) = -d**3 + 7*d - 5. Suppose -154*v = -152*v - 4. Give o(v).
1
Let u(z) = 252 - 241 - 6*z**2 + z**3 + z**2 - 5*z. What is u(6)?
17
Suppose -4*q + 3*b + 18 = -7*q, -5*b = 5. Let g(h) = h**2 + 1. Let i(v) = -11*v**2 + 3*v - 6. Let u(f) = q*g(f) - i(f). Calculate u(2).
19
Let v be (-22)/(-5) + (-26)/65. Let o be (v/8)/(3/(-12)). Let p(m) = 2 - m - 1 + 0 + 1. Give p(o).
4
Suppose -17*o - 41*o + 754 = 0. Let g(l) = l**3 - 12*l**2 - 10*l - 30. Calculate g(o).
9
Let a(l) = -l + 9. Suppose -t = 4*k - 19, 3*t + 2*k - 6*k - 9 = 0. What is a(t)?
2
Let m(a) = 2*a**2 + a - 1. Let w(o) = 2*o**2 + o - 2. Let p(f) = -2*m(f) + w(f). Determine p(-2).
-6
Let q(n) = 2*n**3 + 2*n - 4 - 2 + 5*n**2 - 3*n**3 + 0. Suppose -2*h - 8 = 5*l, 0 = -2*l - 2*h + 3*h + 4. Suppose 3*p - 15 = -l*p. What is q(p)?
4
Let o be (2/(-4))/(1/(-30)). Let p be 6/o - (-46)/10. Suppose -p*c - 30 = c. Let h(i) = -i + 4. Calculate h(c).
9
Let m(r) = r**2 + 5*r + 8. Let k be m(-3). Let w(y) = 2*y**2 - 4. Give w(k).
4
Let a = -26 - -40. Suppose 4*b + a = -3*t, -t + 2*t = b + 7. Let k(o) = -o**2 - 5*o - 4. Give k(b).
-4
Let u be (-282)/90 - (-1)/30*4. Let v(i) = 2*i + 4. Determine v(u).
-2
Let x(p) = -5*p**2 - 11. Let l(u) = u**2 + 2. Let s(b) = 11*l(b) + 2*x(b). Suppose h = 3*w + 4*h + 72, -5*w + h = 120. Let f = w + 21. Determine s(f).
9
Let w be (-342)/152*8/(-6). Let q(g) be the third derivative of 1/12*g**4 + 0*g**w + 0*g - 9*g**2 + 1/60*g**5 + 0. Give q(3).
15
Let m(s) = 7*s + 12. Let t(x) = 3*x + 6. Let o(f) = 2*m(f) - 5*t(f). Let p be o(-8). Let u(g) = p + 4*g**2 - 5 + 3*g - 5*g**2. Determine u(4).
-7
Let u(i) = 29*i**3 + 10*i - 91*i**3 - 4*i**2 - 8*i**2 - 9 + 30*i**3 + 33*i**3. What is u(11)?
-20
Let m(v) = 4*v - 3. Let b be 2 - (-3 + 21/3). Give m(b).
-11
Suppose 2*y - 8 + 0 = 0. Suppose t = -t - 8, -8 = 2*n + 3*t. Let i(x) = n*x - 9 - 1 - 2 + 10. Determine i(y).
6
Suppose -3*g + m + 19 = 0, -3*g - g = 4*m - 36. Suppose -6 = -i + u, -4*i + 2*u - g + 33 = 0. Let y(d) = -d**3 + 8*d**2 - 6*d - 2. Determine y(i).
5
Let v be 1/5 + 56/20. Let h be (-4)/3 - 2/v. Let q(m) = m - 7*m + 8*m. Give q(h).
-4
Suppose 3*z = -4*n - 18, 0 = 4*n - z + 4 + 6. Let q = 38 + -36. Let m(w) = 3 - w - q*w + w + 4*w. Calculate m(n).
-3
Let n(a) = a**2 - 7*a + 12. Let x be n(6). Suppose 7*y = 5*y + 10. Let v(k) = 9*k**3 + y + k - 10 + k**2 + x. Give v(-1).
-8
Let r = 823/36 - 202/9. Let n(u) be the third derivative of -1/6*u**3 + 0*u - 7*u**2 + 0 - r*u**4. What is n(-1)?
9
Let p(j) = j + 0*j + 5 - j**2 + 6*j. What is p(6)?
11
Let a(v) = 3 + v + v + 4*v**2 + v**3 + 0*v**3. Let z be (-10)/(-1*((-25)/(-10) + -3)). Let s = -22 - z. Calculate a(s).
7
Suppose 59 = 16*b + 27. Let p(i) be the first derivative of -1/4*i**4 + 0*i**3 - b*i + 3 + 1/2*i**2. Calculate p(0).
-2
Suppose -4*p = 3*g - 31, 4*p - 2*g - 55 = 3*g. Suppose p = -4*u + 6*u. Suppose -u*c + 3*c + 4*x = 0, -5*c + 4*x = 6. Let q(i) = i**2 + 2*i + 3. Calculate q(c).
3
Let w(z) = -533*z + 1596*z - 525*z - 2*z**2 - 530*z. Give w(6).
-24
Let r(s) = s**3 - 11*s**2 + 5. Let z be r(11). Let m(h) be the first derivative of -h**4/4 + 2*h**3 - 5*h**2/2 - 2*h - 2. Give m(z).
-2
Suppose -5*u - 202 = -152. Let l(v) = v**3 + 11*v**2 + 7*v - 4. Calculate l(u).
26
Let d(y) be the second derivative of 7*y**4/24 + 5*y**2/2 - y. Let p(g) be the first derivative of d(g). Suppose 2*x + 16 = 14. Determine p(x).
-7
Let d(p) = p**3 + 4*p. Let z(l) = -l**3. Let s(r) = -d(r) - 2*z(r). Give s(-3).
-15
Suppose -12 = 2*h + 4*x, 2*h + 5*x + 12 = -0*h. Let p be (30/3)/((-4)/h). Let l(a) = -1 - 10*a + a**2 - 5*a + p*a. Determine l(2).
3
Let h = -13 - 28. Let a = 44 + h. Let d(k) = -3*k**a - 2 - 5*k**2 - 3*k + 3*k**2 + 4*k. What is d(-2)?
12
Suppose 1 = 2*m - 13. Let o = -7 + m. Let w(h) = h**2 - 4 + 2*h + 0 + o*h. Give w(3).
11
Let o(l) be the second derivative of -l**6/720 - l**5/60 - 7*l**4/4 - 17*l. Let f(p) be the third derivative of o(p). Calculate f(5).
-7
Let f(d) = 82 - d**2 - 45 - 54. Suppose 4*o = -a + 23, -2*o - 5*a + 7 = -0*a. Suppose r = o*r. Give f(r).
-17
Let k(n) = n**3 - 3*n**2 - 4*n + 2. Let u be k(4). Let y(t) = 0 + 12*t**2 + 0 - 3*t - 5*t**2. Give y(u).
22
Let j be ((-24)/(-30))/(4/(-10)). Let m(a) = -a**3 + 2*a**2 - a - 1. Give m(j).
17
Let l be (-8)/(4/2) - (1 + -10). Suppose -f = -3*z - z + 4, 4*z - l*f = -12. Let v(p) = -3*p**2 + 1. Calculate v(z).
-11
Let d(s) = -2*s**2 + 6*s. Let g(w) = -w**3 - 13*w**2 - 13*w - 11. Suppose -m + 3*z = 6, 0*z = 2*z + 4. Let c be g(m). Let j be 3 - (c - 6/3). Determine d(j).
-8
Let i(j) = -j**3 + j**2 + j - 1. Let m(h) = -5*h**3 + 12*h**2 - 4. Let t(c) = -6*i(c) + m(c). Give t(-7).
-5
Let y(j) = 2*j + 6. Let s be y(-4). Let d(p) = -p. Let i be d(-4). Let q(k) = -k**2 + 1 + 5 + 7*k - 4*k - i. Give q(s).
-8
Let r = -74 - -79. Let q(w) be the third derivative of -w**5/60 + 7*w**4/24 - w**3/6 - 23*w**2. What is q(r)?
9
Suppose 4*o - 5*k + 3*k = 12, -5*k = 0. Let t(x) = x - 2. Give t(o).
1
Let d = 1861 + -1858. Let w(m) be the second derivative of 5/6*m**d - 7*m + 0*m**2 + 0. Determine w(-2).
-10
Let q(c) be the second derivative of c**5/20 - 3*c**4/4 - 5*c**3/3 + 7*c**2 - 104*c. Determine q(10).
14
Let p be -2*(-4 - (-1 - -2 - 4)). Suppose -5*a = -3*a + p. Let k(g) = 1 + 9*g**2 - g**2 + 3*g**2. Give k(a).
12
Let f(v) = 2*v + 1. Let j = -22 + 15. Let n(z) = 3*z + 1. Let c(d) = j*f(d) + 6*n(d). Let o(s) = -s + 7. Let r be o(5). Determine c(r).
7
Let z(l) be the third derivative of -l**6/120 + l**5/10 + l**3/3 + 4*l**2. Let w be 7 - (-3 + 2 - -2). What is z(w)?
2
Let j(b) be the third derivative of -b**5/10 + b**4/12 + b**3/6 + 2*b**2. Suppose 2*g - 3*n - 3 = g, 4*g - n - 1 = 0. Suppose -3 = -g*z + 3*z. What is j(z)?
-7
Let v(u) = -3*u**3 + 5*u**2 - 9*u - 36. Let z(h) = h**3 - h + 1. Let q(f) = v(f) + 4*z(f). Determine q(-6).
10
Let j(u) = -u**3 - 6*u**2 + 7*u - 3. Suppose -2*c + 1 + 9 = 0. Suppose 0 = 4*x + 3*a + 13, x + 32 = -0*x + c*a. What is j(x)?
-3
Let o = 24 + -22. Suppose 4*c + 3*s = 17, c - 4*c + o*s + 17 = 0. Let p(y) = -3 + y**3 + 2*y + 4*y**2 - 2 + c - 3. Calculate p(-3).
0
Suppose 2*s + 11 = j, -5*s + 2*s - 12 = 0. Let h(z) = z**3 - 5*z**2 + 3*z. Let b be h(j). Let y be 4/(-6) + (-24)/b. Let d(k) = -5*k + 1. Calculate d(y).
-9
Let n(z) be the third derivative of 11*z**5/120 - z**4/24 - 19*z**3/6 + 30*z**2. Let l(f) be the first derivative of n(f). Determine l(2).
21
Let h(b) = 12 + 5 - 4 + 2*b + 2. What is h(-11)?
-7
Let c = -1 - -6. Suppose 3*z = -2*n - 23, n + 5*z + 17 = -c. Let w(g) = -g**2 - 6*g - 1. Calculate w(n).
-8
Let c(o) be the third derivative of 2*o**2 + 1/10*o**5 - 5/6*o**3 + 0 - 1/12*o**4 + 0*o + 1/120*o**6. Let g(n) = -6*n. Let h be g(1). What is c(h)?
7
Suppose z + h + 14 = 4*z, -2 = -2*h. Suppose -5*g - 17 = -3*t - 53, -z*g + t + 42 = 0. Let k(o) = -o**2 + 8*o + 13. Calculate k(g).
4
Let c = 20 + -14. Suppose -r + 2*u = -0 - c, 0 = 2*u + 4. Suppose 3*k + 4 = 2*s, 0*s = -3*s - r*k + 19. Let j(w) = -2*w - 2. What is j(s)?
-12
Let q(i) = -8*i - 7. Let f(h) = 8*h + 6. Let r(s) = 6*f(s) + 5*q(s). Determine r(-2).
-15
Let k(j) be the first derivative of -j**5/24 + 20*j**3 - 17. Let b(g) be the third derivative of k(g). What is b(1)?
-5
Let v(k) be the second derivative of k**5/2 - k**4/4 + 2*k**3/3 + 6*k - 11. Give v(1).
11
Let v(l) = l + 10. Let w(o) = -2*o - 20. Let z(x) = -5*v(x) - 3*w(x). Give z(-8).
2
Let r(p) = 4*p - 28. Let s(o) = 10*o - 87. Let b(q) = 8*r(q) - 3*s(q). What is b(-17)?
3
Suppose -25 = -2*j - 31. Let c(o) = -o + 5. Let k be c(5). Let b(w) = 2*w - 1 - w + k. Give b(j).
-4
Let q(c) = 4*c**2 + 3. Let t(d) be the second derivative of 5*d**4/12 + d**3/6 + 3*d**2/2 - 9*d. Let m(a) = -3*q(a) + 